 -4 - (-3 + 14)?
-4
What is 12 + (4 + (1 - 3) - (48 + -38))?
4
What is the value of 6 + 1 + -46 + 28?
-11
Evaluate (3 - (12 + 2)) + -1 + 4 - -7.
-1
Evaluate 7 + -5 + -7 + -11 + 6.
-10
Evaluate -7 - 14 - -15 - (0 + -14).
8
What is the value of -6 - (-6 + (-19 - -17 - (-7 + 1)))?
-4
What is the value of (-23 - -7) + -23 - -54?
15
Evaluate -4 + -37 - (-17 - 5).
-19
Calculate -17 + 0 + (-10 - (4 - 16)).
-15
Evaluate (3 - 8 - (-7 + 5)) + -3 - -7.
1
9 + (-1 - 8) - 8 - -14
6
What is (-55 - 1 - -24) + 18?
-14
Calculate 22 - (-31 + 37 + (0 - -2)).
14
What is 19 + 1 + (-1884 - -1839)?
-25
Evaluate -1 + 5 - (-52 + 56 - 38).
38
What is (24 - 0) + (-15 - -3)?
12
What is the value of -12 - (14 + -12 - 7)?
-7
Evaluate 7 - (10 - (-9 + (11 - (2 - 11)))).
8
Evaluate 48 + 35 + -93 + -11.
-21
What is (-2 - (0 + 6)) + (1 - 2 - 0)?
-9
Calculate 21 + (-17 - -16) + -23.
-3
Calculate 6 + (0 - -12 - 17) + (-4 - 33).
-36
Evaluate 1 - 1 - (20 - 1 - (77 + -75)).
-17
What is the value of 4 + 3 - (-6 + 1 + -38 + 33)?
17
What is the value of 0 + 7 + (115 - 126 - (0 + -2))?
-2
Evaluate -17 - (1 + 0 + -6 + -8).
-4
Calculate (0 - 9) + ((-34 - -12) + 24 - -15).
8
Evaluate -1 - (0 + -20 - (11 - 9 - 7)).
14
What is the value of -17 - (3 + 0 + -32) - 42?
-30
What is the value of (0 - 11) + 15 + 0 + -1?
3
Calculate 26 + (-21 - 12) + -2.
-9
What is 7 - (5 + -4 + (11 - (-7 + 10)))?
-2
What is -195 - -210 - (14 + (-2 - -6))?
-3
Calculate (-1 - (1 + 4)) + 2 + 0 + -5.
-9
What is the value of -2 + -1 - (181 - 175)?
-9
What is -10 + -23 + -8 + 31?
-10
Evaluate -3 + -1 + 2 + 11 + (1 - 2).
8
What is the value of (-3 - -16) + (-11 - -23) + -46?
-21
What is the value of -1 + -18 - -11 - -20?
12
What is the value of -7 + (6 - 1) + (6 - 9)?
-5
What is 34 - (-5 + 5) - (-3 + (-13 - -26))?
24
What is the value of (345 - 347) + (-13 - (-2 - -3))?
-16
(54 - 43) + -15 + 8
4
Calculate -28 + (-10 - -13) + 23.
-2
-2 - -12 - -7 - 5
12
What is -7 - (12 + 1 + -105 + 94)?
-9
Calculate (7 - 0) + -7 + -3 + -15 + 8.
-10
115 + -130 - (0 - 21)
6
What is (-2 + 29 - -5) + (-25 - (6 - 33))?
34
Evaluate (8 - (-27 - -37)) + 20.
18
What is the value of -16 + (24 - 8 - 0)?
0
Calculate -2 - 11 - (31 - (2 - -52)).
10
Evaluate 30 + 7 + -2 + -45.
-10
Calculate -18 + (13 + 1 - 6) + 12 - -5.
7
-13 - (-15 + (-1 - -5))
-2
What is the value of -23 + (-8 - -9 - -29)?
7
(-3 + -3 - (3 - 14)) + -15 + 2
-8
Evaluate 1 - 7 - (1 + 3 + 4).
-14
Calculate 81 - 100 - (1 + 1).
-21
Evaluate 15 - (40 + -3) - -14.
-8
What is 1 + -3 + -1 + -3 + 0 - 15?
-21
What is (2 + 2 - -1) + -7 - (-8 + 2)?
4
(17 - 6) + 2 - 9
4
-8 + -1 - (-383 + 375)
-1
Calculate 9 + -9 - (-12 - (-11 - -5)).
6
What is the value of -10 + (40 - 31) + 21?
20
What is the value of 15 - ((1 - -1 - 1) + 1)?
13
What is the value of 8 + -5 - (-17 + 28 - -22)?
-30
What is -59 + 90 - (-9 - -22)?
18
What is the value of (7 - (6 - -17 - 9)) + 17?
10
What is the value of -1 + -3 + 6 + (2 - 6) + -1?
-3
What is the value of 27 - (-31 + 21 - 0 - (0 + 1))?
38
Evaluate 46 - 7 - 58 - -5.
-14
Calculate 25 + -14 - (9 + -3) - 4.
1
14 + 2 - (-22 + 19 + 7)
12
Evaluate -240 + 222 + 1 + 2.
-15
What is 7 + -27 + (20 - 13)?
-13
-64 + 16 + -3 - -28
-23
What is 4 + -8 - (-30 - -28)?
-2
Evaluate (-5 - 2) + 2 - (-5 + -10 + 12).
-2
What is the value of 14 + (15 - 15) - 13 - (-15 + -1)?
17
0 + 8 - 1 - (13 - 14)
8
What is 2 + -13 + -13 + 31?
7
Calculate (0 - -1) + 7 + (-33 - -40).
15
What is the value of 1 + -2 + (-7 + -1 - -10 - -4)?
5
What is -2 + 6 - (10 - 6 - (9 + 0))?
9
What is the value of (-13 - -26) + (-4 - 9) + -24?
-24
Calculate 2 + (-8 - (-7 - 4)) + -1 + -6.
-2
Calculate -27 + (0 - -7) + (116 - 113).
-17
Evaluate -12 - 4 - (-8 - ((-9 - 0) + 6)).
-11
Evaluate (-1684 - -1726) + -5 + -1.
36
Evaluate 33 + 2 - 9 - (1 + 7 + 1).
17
What is the value of -18 - (-31 + 9) - (-7 - 2)?
13
What is -11 + 4 - -4 - (12 + -17) - 4?
-2
What is the value of -10 + -9 - -21 - (0 - -3)?
-1
What is the value of -8 - (-2 + 14 - (-4 + 44))?
20
What is the value of 0 + 0 + (-12 - -13) + (36 - 31)?
6
What is the value of -15 - -2 - (-86 + 64)?
9
Evaluate (16 - (4 + -1 + -1)) + -5.
9
Calculate 4 + 3 + -3 + -4 + 3 - -7.
10
What is -68 + 71 + (-15 - -1) + 5 + -2?
-8
What is 0 - (-3 - -3) - -26 - (-301 - -312)?
15
28 - ((-4 - -4) + 3 - (-60 - -54))
19
Evaluate (-1 - 8 - -6) + -67 + 49.
-21
0 + (2 - 8) + (82 - 82)
-6
-400 + 408 + (-11 - -1)
-2
What is the value of -2 - 1 - -2 - (6 + -4 + 31)?
-34
Calculate 2 + -10 + (4 - -3 - 7).
-8
Calculate 100 - 128 - (1 - -5) - -16.
-18
Calculate 5 + (-76 - -75 - (2 + -1)).
3
Evaluate -6 - (-9 - -8 - (0 + -2)).
-7
What is the value of -14 - ((2 - 3) + (0 - 0) - -10)?
-23
1 + (25 - (-16 - -34))
8
What is -5 - (-10 + 7 + -1)?
-1
What is -9 - (-9 + (-8 - -8))?
0
-4 + (-2 - (-2 - (1 - -3) - 2))
2
Calculate -1 + -2 + 1 + 0 + 9 + -4.
3
(-1 - 6 - ((20 - 4) + -13)) + 7
-3
Evaluate 5 - (6 - -3) - ((-3 - 0) + 3).
-4
What is -202 + 185 - (0 + -13) - (-2 + 13)?
-15
-8 - 3 - -10 - (0 + 8 + 2)
-11
-2 + -4 + (1 - 8) + 5 - -4
-4
What is (4 - -14 - 21) + -6 - (-1 - -21)?
-29
Calculate 5 + 7 + 4 + -8 + 2.
10
What is the value of (4 - (-6 - -4)) + (-19 - -8) - 5?
-10
12 - (33 - (4 - -8))
-9
What is -5 - (-6 + -1) - 0 - 6?
-4
0 + -16 - (-34 + 1)
17
(7 - 0) + -4 + (-1 - 8) + 6
0
What is -36 - -20 - (-4 - (3 - -19))?
10
What is the value of 2 + 0 + (-13 - 2) + 27 - 7?
7
What is -1 - (6 - -4) - (29 - 31) - -4?
-5
What is the value of -746 + 776 - (28 + 1)?
1
What is the value of -1 - -2 - (-27 - (21 + -62))?
-13
What is 11 - (7 - (-3 - 11))?
-10
What is (5 + -3 - -1) + (75 - 82) - -17?
13
Calculate 25 + (2 - -3) - -7.
37
Evaluate (0 - 1) + 1 + 2.
2
Evaluate 27 + (-11 - (-16 + 19)).
13
What is the value of 2 + 2 - (17 + -7 + -11)?
5
Calculate -4 + -6 + 6 + 2 + -20 - -9.
-13
Calculate -50 - (-3 + -32 + 15) - (0 + -1).
-29
(4 + -3 - 4) + -18 + -11
-32
Evaluate (5 - -2) + -11 + 4 + 11 + -2.
9
Evaluate (3 - -7) + 5 + (-6 - (-5 + 0)).
14
Evaluate (-72 - -55) + (-6 - (-2 - (5 + -4))).
-20
Evaluate -1 + 6 + -12 + 11.
4
What is -5 - ((6 + -2 - -2) + -8) - 6?
-9
(-16 + 26 - 15) + 5
0
Calculate 5 + 0 + (8 - (-10 + 2 - -12)).
9
Evaluate -12 + 23 - 11 - 0.
0
What is the value of -7 + (-7 + 5 - (4 - 5))?
-8
Evaluate -16 - 0 - (163 + -186).
7
Evaluate (9 - (0 - (-5 + 2))) + 5 + 5.
16
What is the value of (-36 - -34 - 5) + -19 + 1?
-25
What is (-5 - (-5 - -18)) + 14?
-4
Evaluate -21 + (3 - -13) + 13.
8
What is (-9 - -14) + -18 - -10?
-3
(3 - -1) + -91 + 82 + -4
-9
What is the value of -4 - -1 - (-185 + 186)?
-4
Evaluate 6 - -1 - (-20 + 25 - 3) - 4.
1
What is the value of 1 + -4 + (-2 - -4) + 4 + 1?
4
Evaluate 5 + (-6 - -10 - -3).
12
Evaluate 12 + 4 + (-16 - -3).
3
What is the value of -4 + 2 + (14 + (-20 - -9) - 2)?
-1
-37 + 4 + -2 + (-11 - (-37 + 26))
-35
What is the value of 7 - -3 - 30 - -10?
-10
Calculate 23 - -4 - (-14 + 30 + -15).
26
16 + (14 - 33 - -16 - (0 - 5))
18
Evaluate (7 - 16) + 4 - 9.
-14
Calculate 7 + (-12 - (15 - 16)).
-4
What is the value of 18 + (25 - 16 - 19)?
8
What is the value of 15 - (-5 + -3 + 46)?
-23
What is 2 - -3 - (10 - 9) - (7 - 0)?
-3
Evaluate -24 - (1 - -29 - 56).
2
-11 + 13 + (0 - 7) + (-4 - 0)
-9
16 + 22 + -13 + -14
11
-4 + 6 + -5 + 5 + 8 + -6
4
What is the value of -39 + 29 + (5 - -41)?
36
21 - (18 + (-11 - (-4 + 0)))
10
What is 5 - (0 + 2) - (-39 + 12 + 29)?
1
What is the value of 8 + (10 - (9 - -4)) - (-3 + 26)?
-18
What is the value of (-17 - (-16 + -2)) + -4 - (0 - 1)?
-2
What is 2 + 2 + -6 + (6 - 27)?
-23
Evaluate 4 + -2 + -17 - 2 - (-7 + 1).
-11
What is the value of -3 + 5 + -6 + 22 + -1 + -2?
15
Evaluate -8 - (-10 + -11 + 5).
8
What is the value of 4 + (-1 + 0 + -10 + 12 - 5)?
0
What is 17 + (-2 - (8 + (3 - 6)))?
10
Evaluate (7 - (-8 + 7 + 1) - -1) + -19.
-11
What is the value of 7 + -11 + 0 + 4 + 6?
6
Calculate -8 - (-48 - -48 - (2 + 0 + -1)).
-7
What is the value of (-93 - -79) + 13 + 1?
0
What is -325 + 290 + (-4 - (-17 + -3))?
-19
-37 + 73 + -34 + 2 + 0 + 13
17
0 + 61 + -37 + -31
-7
What is -8 + (25 - (8 + -7)) + -3 + 2?
15
What is the value of -6 + (9 - (11 - -6))?
-14
Evaluate 7 - (20 - 26) - 20.
-7
Evaluate (4 - -8 - 9) + (-2 + -31 - 0).
-30
(-22 - (33 + -26)) + 2
-27
What is 14 + -11 + 8 + 4 + -7?
8
What is the value of (-3 - -2) + (3 - (19 + -8))?
-9
Calculate 8 - -1 - (-30 + 3